ond derivative of r**6/360 + r**5/40 - r**4/24 - 2*r**3/3 + r. Let b(g) be the second derivative of o(g). Give b(-3).
-1
Let l(s) = s**3 + s**2 - s + 4. Let h = -12 - -13. Suppose -4*o = 3*x + 9, -2*o = -x - 2 - h. What is l(o)?
4
Suppose -6*c + 3 = -3*c, 3*c = -2*p - 3. Let u(w) = -w. Let n(m) be the third derivative of -m**4/6 - m**3/2 + 2*m**2. Let s(l) = n(l) - 2*u(l). Give s(p).
3
Let q = 29 - 26. Let h(z) = -z**2 + z - 3. What is h(q)?
-9
Let f = -6 + 2. Let o(m) = -m**3 - 4*m**2 - m - 1. What is o(f)?
3
Let z(s) = -3 + 2*s**2 + 0*s**2 - s**2. Give z(5).
22
Let s(f) = 9*f**2 + 2*f - 6. Let g(p) = 5*p**2 + p - 3. Let u(a) = 11*g(a) - 6*s(a). Calculate u(0).
3
Suppose 4 - 20 = 4*g. Let r(o) = -o**3 - 5*o**2 - 2*o - 3. Calculate r(g).
-11
Suppose 5*l + r + 3 = -18, 2*l = 3*r - 22. Let k = l + 3. Let p(x) be the first derivative of x**4/4 + x**3/3 - x**2/2 - 2*x - 1. Calculate p(k).
-4
Let z(n) = n**3 + 6*n**2 - n - 4. Let o be z(-6). Let t(s) = 2*s + 7 - 4 + s**3 + s - 5*s**o + 1. Give t(4).
0
Suppose 4*a - 21 = -5. Let k(o) be the first derivative of o**2 - 6*o + 10. Calculate k(a).
2
Let x(z) = -z**2 - 3*z + 4. Suppose -5*t = 2*w - 7*w, 0 = 3*w + 5*t + 16. Let p be 1*w + -2 + 2. Let g be (p/(-4))/((-2)/20). What is x(g)?
-6
Suppose 4*k - 7 = 1. Suppose 2 - 6 = -2*a. Let l(w) = 7*w - k*w - 3 - a*w + w. What is l(3)?
9
Let d(m) be the third derivative of -m**6/120 - m**5/60 + m**3/3 - 6*m**2. What is d(2)?
-10
Let u(t) be the first derivative of -t**3/3 + 5*t**2/2 - 2*t + 1. Suppose -2*d + 12 = 2. Let g(y) = y - 3. Let c be g(d). Determine u(c).
4
Let r(x) be the third derivative of 1/30*x**5 + 1/2*x**3 + 1/120*x**6 + 3*x**2 + 0 + 0*x - 1/8*x**4. Give r(-3).
3
Let u be 46/14 - 4/14. Suppose -5*s + u*s + 4 = 0. Let a(m) = -8 + 0 + m**s + 4*m + 3. What is a(-5)?
0
Let w(d) = -d**3 + d**2 + d + 5. Suppose -8*k = -k - 3*k. What is w(k)?
5
Suppose -3*k = 2*f + 17 - 3, 16 = 2*k - 5*f. Let y(h) = -2*h**2 - 3*h - 1. Calculate y(k).
-3
Let r(k) be the third derivative of -k**6/120 - k**5/12 - 5*k**3/6 - 12*k**2. Suppose 5*u + 14 + 11 = 0. Determine r(u).
-5
Let m(s) = -9*s + 24. Let d(p) = -4*p + 11. Let w(v) = -5*d(v) + 2*m(v). Give w(5).
3
Let f = -2 - -2. Let a(r) = 5 + 0*r + 2*r + f*r. Let g be ((-18)/(-4) - 3)/((-9)/24). Determine a(g).
-3
Let j(n) = 0 + 3 + 3*n**2 + 6*n - 2*n**2. Let h(i) = -i**3 - 3*i**2 + 5*i. Let y be h(-4). Determine j(y).
-5
Let y(s) be the third derivative of 0 + 2*s**2 + 0*s + 1/120*s**6 - 1/15*s**5 - 1/6*s**3 + 1/6*s**4. Give y(3).
2
Suppose -5*l = 3*i + 11 + 9, -4*i = 3*l + 23. Let d(q) = q**2 + 6*q - 1. Give d(i).
-6
Suppose 3*x + 0*s = s - 8, 9 = -2*x - 3*s. Let m(t) = t**2 - 1. Let b(a) = 5*a**2 + 2*a - 2. Let w(h) = x*m(h) + b(h). Give w(-2).
5
Let f(y) be the first derivative of y**3/3 - 2*y + 2. Let a = -1 - 2. Calculate f(a).
7
Let c = -1 - -3. Let z(i) = -3*i + 5 + i + 3*i - c*i. What is z(4)?
1
Let n(f) = -f**2 - 4*f. Let h be n(-3). Let y(x) = -x - 2. Give y(h).
-5
Let i(w) be the third derivative of w**6/360 - w**5/24 - w**4/12 - w**3/2 + 3*w**2. Let n(v) be the first derivative of i(v). Determine n(4).
-6
Suppose 0 = -m - 2*m + 9, -m = -4*x + 13. Suppose -h - x*h = 5. Let l = h - -4. Let a(w) = -w**3 + 5*w**2 - 3*w - 2. Give a(l).
7
Let l(z) = 7*z - 2. Let p(v) = 3*v - 1. Let y(a) = 2*a**3 + 2*a**2 - a + 2. Let n be y(-2). Let m(u) = n*l(u) + 9*p(u). What is m(-5)?
4
Let q(o) = -2*o + 13. Let r be q(6). Let y(v) = 5*v**2 - 1. Give y(r).
4
Suppose 0 = -d + 3*m + 13, 2*m + 2 = 3*d - 2. Let q(t) = 3*t**2 + 2*t + 2. Let s(w) = -7*w**2 - 5*w - 4. Let v(g) = -5*q(g) - 2*s(g). What is v(d)?
-6
Let w(d) be the second derivative of d**4/12 + 5*d**3/3 + 5*d**2 - 15*d + 1. What is w(-8)?
-6
Let y(k) = -k - 20. Suppose j + 19 - 3 = -4*m, 3*j + 5*m = -20. Give y(j).
-20
Let n(t) be the third derivative of t**4/24 + t**3/2 + 7*t**2. Let w(l) = l**2 - 3*l - 2. Let j be w(4). Suppose 0 = -j*q + 7 - 1. Calculate n(q).
6
Let i(a) = -9*a**2 - 4*a + 2. Let u(g) = -g**2 - g. Let d(o) = -i(o) + 6*u(o). Let z(v) = v**3 - 4*v**2 + 5*v - 4. Let l be z(3). What is d(l)?
6
Let l(c) = -c**3 + 5*c**2 - 2. Let z be l(3). Suppose 4*j + 0 = z. Let k(b) = 4*b**2 - 3*b. Let r(x) = x**2 + x - 1. Let q(n) = k(n) - 3*r(n). What is q(j)?
-5
Let s(c) = c**3 + 9*c**2 + 8*c + 2. Let t(b) = b**3 + 3*b**2 + 3*b + 1. Let d be t(-3). Give s(d).
2
Suppose 0 = -2*o + 5 - 1. Let q(n) = 5*n**3 + 3*n - 2*n**2 - 3*n**3 + n - 5*n. Determine q(o).
6
Let a(u) be the third derivative of u**6/60 + u**5/20 + u**4/12 + u**3/2 + u**2. Suppose -w - 10 = 4*t, 4*w + 0*t = t - 6. What is a(w)?
-5
Let l(v) = -4*v**2 + v. Suppose 3*t - 18 = -21. Give l(t).
-5
Let o(k) = 2*k - 5*k + 19 - k**2 - 24 + 5*k**2 + k**3. Let b(a) = a**2 - a + 5. Let j be b(0). Suppose j + 3 = -2*r. Calculate o(r).
7
Let u(a) = a**2 + a. Let t(c) = 7*c**2 + 2*c. Let q(p) = t(p) - 6*u(p). Give q(5).
5
Let g(o) = -5*o. Suppose 30*b + 2 = 28*b. Let m(c) = c**2. Let y be 2 + -1 - 0/(-1). Let r(f) = b*g(f) + y*m(f). Determine r(-3).
-6
Let m be -1 + 2 + -1 + 0. Suppose 0 = -6*g + 2*g - 4. Let f = m + g. Let i(a) = -5*a**3 - a**2 + a + 1. Determine i(f).
4
Let a = -5 + 1. Let i(g) be the third derivative of 0*g + 2/3*g**3 - 1/24*g**4 - 2*g**2 - 1/60*g**5 + 0. Calculate i(a).
-8
Let x(b) = 14*b**2 + 2*b + 2. Let u(h) = 7*h**2 + h + 1. Let d(i) = 5*u(i) - 2*x(i). Let q = 1 - 2. Give d(q).
7
Suppose -11 = -2*d + 3*n - 2*n, 5*d + n = 17. Let x(l) = -l - 2. What is x(d)?
-6
Let h be (-22)/5 - 12/(-30). Let w be -2 + (h/2 - -3). Let y(r) = 4*r**2 - 1. Calculate y(w).
3
Let a(n) be the third derivative of n**6/40 + n**5/30 + n**4/12 + n**3/6 + 4*n**2. Let g = -1 + 2. Suppose -2*t = p - 0 - 1, -3*t = 2*p - g. Determine a(p).
-2
Let u(s) = -1 - s - 1 - s**2 + 0. Calculate u(0).
-2
Let y(s) = s**2 + s - 7. Let v be (-4)/(-16) + (-105)/20. Calculate y(v).
13
Let u(j) be the first derivative of j**2/2 - 4*j - 18. What is u(7)?
3
Let p(t) = -5*t**2 - 11*t - 10. Let f(a) = 4*a**2 + 10*a + 9. Let n(w) = 4*f(w) + 3*p(w). Determine n(-5).
-4
Let o(z) = z**3 + 5*z**2 - z - 3. Let w be o(-5). Let p(n) = 3 + 6 - w - 2*n - 4. Determine p(3).
-3
Let o(p) = -2*p**3 + 3*p**2 - 1. Suppose 0 = q + 4*s + 6 - 26, 4*s = 4*q - 20. Let b = q - 6. Calculate o(b).
-5
Let x(y) = y**3 - 5*y**2 + 7*y - 4. Let l(b) = -b**3 - b**2 + b + 3. Let n be (4 - 3 - 1)/(-2). Let r be l(n). Suppose -r*i + 16 = i. Give x(i).
8
Let d = 7 - 4. Let c(s) = s - 4 + d + 0*s. Let m(u) = u**2 + 6*u + 1. Let i be m(-6). Give c(i).
0
Let r(k) = 2*k**3 - 7*k**2 + 15*k - 11. Let n = 1 - -1. Let o(i) = -i**3 + 4*i**2 - 7*i + 5. Let w(z) = n*r(z) + 5*o(z). What is w(5)?
3
Let p(x) = x. Let c(k) = -3*k + 1. Let l(v) = -v - 1. Let a(r) = -c(r) - l(r). Let u(m) = -2*a(m) + 10*p(m). What is u(6)?
12
Suppose -3*r = 2 + 4. Let h(b) = 3*b**3 + 2*b**2 + 2*b - 4*b - b**3. Calculate h(r).
-4
Let x(h) = h**2 - 4*h + 1. Let z be (4 - (3 + -5)) + -2. Suppose -5*g + 17 = -z*r, 3*g + 0*r = -2*r + 19. What is x(g)?
6
Let g(k) = -k**2 + 4*k - 6. Suppose 4*c + 0*c - 13 = -q, -3*c - 2*q + 6 = 0. Give g(c).
-6
Suppose -4*t = 2*j + 12, 1 = -0*j + j - 5*t. Let b(g) = 6*g. Let h(i) = i**2 - 7*i. Let x(l) = j*b(l) - 3*h(l). Let k be (1 + 1)*(3 + -4). What is x(k)?
-6
Let u = -8 - -9. Let z(f) = -13*f**3 - 2*f**2 + f. Give z(u).
-14
Let b(o) = -o. Let g = 30 + -23. Give b(g).
-7
Suppose -2*p = 11 - 3, -4*p = u + 19. Let z(i) = i**3 + 3*i**2 - 3. Determine z(u).
-3
Let z(u) = 2*u**3 - 11*u**3 - 2*u - 6 + 7*u**3 + u**3 - 6*u**2. What is z(-6)?
6
Let d(w) be the third derivative of 0 + 7/24*w**4 + 1/60*w**5 + 0*w + 1/3*w**3 + 2*w**2. Calculate d(-6).
-4
Let x(v) be the first derivative of 3 + v + 5*v**3 - v**3 + v**2 - 5*v**3. Determine x(-1).
-4
Suppose -2*x - 1 = -5. Let o(v) = 5*v**3 + 5*v**2 + 2*v - 4*v**3 - 5*v**x + 4*v**2 + 3. Give o(-4).
-5
Let t(i) be the second derivative of i**5/20 - i**4/3 + i**3/3 + i**2/2 + 16*i. What is t(4)?
9
Let j(y) = -1 - 11*y + 0 + 10*y + 3*y. What is j(-1)?
-3
Let c(m) = -5*m - 3. Let x be 4 + -2 + 1 + 2. Suppose 5*s - x = 5*p, -4*p - 5*s + 0*s = 13. What is c(p)?
7
Let h be 7 + -1 + 4/2. Let s(l) = l + h - 2*l - l. Determine s(6).
-4
Let d(r) = -6*r**3 + r**2 + 2*r + 1. Let y be d(-1). Let i(t) = y*t + 1 + t + t - 3*t. Determine i(-1).
-4
Let x(d)